. Suppose 2*t + y*t - 935 = 5*o, -t - 2*o + 196 = 0. Suppose 28 = 2*a - 48. Calculate the greatest common divisor of t and a.
38
Let t(p) = -3*p**3 + 7*p**2 + 11*p - 3. Let n be t(-2). Calculate the greatest common divisor of n and 837.
27
Suppose 306 = 14*q - q - 149. What is the highest common factor of q and 9205?
35
Let b(r) = -8*r**3 - 534*r**2 + 88*r + 137. Let j be b(-67). What is the highest common factor of 87 and j?
87
Let y be 11/99*-30*-6. Suppose 0 = -5*d - x - 4 + 126, -3*x - 34 = -d. Calculate the highest common factor of y and d.
5
Let b = -14 + -88. Let c = b + 107. Suppose 2*k = 6*k + 4*x - 136, -80 = -2*k - c*x. Calculate the highest common divisor of k and 6.
6
Let p be 2*4/(-32)*-15796. Suppose -20*s + 6351 = -p. Calculate the greatest common factor of 5 and s.
5
Let a = 111 - -36. Suppose 11 = -m + 17. Suppose 2*t + 29 = d + m*t, 17 = d - 2*t. Calculate the highest common divisor of a and d.
21
Let n be 83008/272 - 72/408. What is the highest common factor of 295 and n?
5
Let r be (950/(-175))/((-4)/14). Suppose -2*n + 0*n = 4*d - 50, -r = -n + d. What is the greatest common factor of n and 7?
7
Let w be (-2)/(-9) - (-136)/36. Suppose -2268 = -45*h + 41*h. Suppose -m + h = 563. What is the greatest common divisor of w and m?
4
Suppose 156 = 4*b - 2*g - 0*g, 3*b - 120 = 3*g. Let u be (8/1)/(b/228). Calculate the greatest common factor of u and 12.
12
Suppose 54 - 216 = -24*n + 678. Suppose -3*i = b - 108, -2*i + 3*b + 67 = 2*b. What is the highest common divisor of n and i?
35
Let b = 3538 + -2508. Calculate the greatest common factor of 20 and b.
10
Let g = 20496 - 20358. Calculate the greatest common divisor of g and 33.
3
Let n = 71 - 61. Suppose 9 = -n*o + 19. Suppose -s + 4*s = 3. Calculate the highest common divisor of o and s.
1
Let y be (2 - -72)/(9 + -4 + -3). Suppose 35*p - y*p = -230. What is the greatest common divisor of 46 and p?
23
Suppose -f + 7*j + 191 = 3*j, -5*j - 187 = -f. Let d(h) = 5*h**2 - 97*h - 6. Let y be d(19). Let n = -21 - y. What is the highest common factor of f and n?
23
Let f be 52/(-468) - (-59000)/45. What is the highest common factor of 207 and f?
69
Let d = -833 + 7274. Calculate the highest common factor of 57 and d.
57
Suppose 13 = h + 4*y, -5*h + y - 4*y + 48 = 0. Suppose -h = -u + 5*x, -4*u + 6*u - x - 45 = 0. What is the greatest common divisor of 132 and u?
12
Let h(l) = l**3 + 24*l**2 - 109*l + 48. Let g be h(-21). What is the greatest common divisor of 61 and g?
61
Suppose -62*g + 50 = -67*g. Let b be ((-16)/g)/(8/20). Let o be ((-32)/20)/b + (-3310)/(-25). Calculate the highest common divisor of o and 12.
12
Suppose 88*q = -44*q + 51506 + 63097 - 29595. Let f(k) = -k**2 - 5*k + 7. Let s be f(-5). What is the highest common factor of s and q?
7
Let f(q) = 51*q**3 - q + 1. Let j be f(1). Let n = -305 + 713. Let h = n + -153. Calculate the greatest common factor of h and j.
51
Suppose 0 = 3*c + h - 14, 5*c = 2*h - 9 + 36. Suppose 1 = -2*j + x + 12, c*j - 33 = -3*x. What is the highest common factor of j and 282?
6
Suppose -4*m = -3*z - 33, 5*m - 7*z - 45 = -4*z. Calculate the highest common divisor of 2304 and m.
12
Let z(n) = n**2 - 6*n - 1. Let i be z(-4). Let k be ((-468)/(-8))/((-39)/(-273) - 57/(-42)). Calculate the highest common factor of i and k.
39
Let h be (-1)/((5/(-3))/5). Let a be (h - 1 - 1)*6. Suppose -64*j - 21*j + 15906 = 156*j. Calculate the greatest common divisor of a and j.
6
Let b be -7 + (16 - -5*(16/(-10))/(-4)). Let y be 2/((-453)/(-451) + -1). Calculate the highest common factor of b and y.
11
Let h be -4 - -1 - -6 - (-372 - 17). Calculate the greatest common factor of h and 16.
8
Let i be (-5)/20 + (49/(-4))/(-10 - -9). What is the highest common factor of i and 17154?
6
Suppose -r + 2 + 0 = 0. Suppose r*k = -0*k. Suppose k = 4*q - 0*q - 108. What is the greatest common divisor of 108 and q?
27
Let a(o) = 46*o - 1148. Let l be a(25). Calculate the greatest common divisor of l and 58.
2
Let m be 12/2*6/12. Let w be -1*(m + -5) + 16. Let f = -283 + 319. What is the highest common divisor of w and f?
18
Let q be 3/4 - (-40223)/76. Suppose 476*h - q = 471*h. Calculate the greatest common divisor of 159 and h.
53
Let o = 1223 + -1175. Suppose 15*t = 19*t - 4224. What is the highest common factor of t and o?
48
Let m(y) = 19*y - 13 + 24 + 5*y. Let p(k) = 1. Let w(h) = m(h) - 2*p(h). Let n be w(4). What is the greatest common divisor of 42 and n?
21
Let v(z) = z**2 + z - 3. Let s be v(5). Let u(k) = 229*k**2 + 51*k - 19. Let d be u(2). What is the highest common factor of d and s?
27
Suppose -1386 = -4*f + 2*w, -240*w = 4*f - 241*w - 1383. Let n(h) = 2*h**2 - 5*h + 3. Let a be n(6). Calculate the highest common factor of a and f.
15
Let s(q) = q**2 + 102*q + 1350. Let j be s(-15). Calculate the greatest common divisor of j and 36.
9
Suppose 87317 = 5*o - 4*n, 12*o + 17441 = 13*o - 4*n. What is the highest common divisor of 27 and o?
27
Let h be (-12)/(22/(-14) + (-15)/(-10)). Suppose -2*u - h = -4*d + u, 3*d - 4*u = 133. Calculate the greatest common divisor of d and 26.
13
Let u be 4*(3/6)/(4/16). Let a(z) = 33*z - 169. Let g be a(u). What is the highest common divisor of 19 and g?
19
Let t(c) = 694*c - 23. Let m be t(5). Suppose 912 = -13*w + m. Calculate the highest common divisor of 130 and w.
65
Let v be 74/26 + (12/(-13))/(-6). Suppose 2*i - f = 10, v*f + 6 = 2*i - 0. Calculate the highest common divisor of 114 and i.
6
Suppose 3*q + h = 4, 2*q - 4*h - 12 = -7*h. Suppose q = 3*k - k + 5*o - 140, -k + 79 = -2*o. Calculate the greatest common factor of 105 and k.
15
Let d = -2178 - -2583. What is the highest common divisor of 27 and d?
27
Let y(d) = 2158*d**2 + 40*d + 44. Let s be y(-1). What is the highest common factor of 188 and s?
94
Let p be (-3 + -1)*78/(-24). Let r be -4 + (-1 - -6) - 1. Suppose z = 26 - r. Calculate the greatest common divisor of z and p.
13
Suppose 128*o + 32*o = 1041760. What is the highest common factor of o and 383?
383
Let i = -2715 - -2923. Calculate the highest common factor of i and 464.
16
Let z = -571 + 579. Let x(t) = -t**2 + 10*t - 13. Let q be x(7). Suppose 10*b = q*b + 144. What is the highest common factor of b and z?
8
Let g be ((-56)/10)/((-4)/50). Suppose -2*m - 71 = -3*m. Let d = 85 - m. Calculate the highest common factor of g and d.
14
Suppose 8 = n + 4*s - 83, -3*n + 209 = -4*s. Calculate the greatest common factor of 21575 and n.
25
Let p = -690 + 688. Let r be ((-116)/(-261))/(p/(-36)). Calculate the highest common factor of 232 and r.
8
Let l be (5 - 44)*(-4)/12*1. Let i be (-21 - l)/(-4 - (-4)/2). Calculate the greatest common factor of i and 85.
17
Suppose 0 = 3*y - 4*r - 0*r + 346, -6 = 3*r. Let m = -81 - y. Let l be (-4668)/(-14) - (-18)/(-42). Calculate the greatest common divisor of l and m.
37
Let x(z) be the first derivative of -z**3/3 - 3*z**2/2 - 4*z - 14. Let q be x(4). Let j = q + 34. Calculate the greatest common divisor of 10 and j.
2
Suppose -6*k + 106 = 76. Suppose -k*t - 198 = -16*t. What is the highest common divisor of t and 144?
18
Let k be ((-1)/(-5))/(28/2380). Let o(t) = -35 - 15*t - k*t - 14 + 9*t. Let f be o(-14). Calculate the greatest common divisor of f and 21.
21
Let p = 90 + -135. Let f be 27/p*80/(-12). What is the greatest common divisor of f and 4?
4
Suppose -202*c + 404131 = -1842776 - 656843. Calculate the greatest common factor of 115 and c.
115
Let y(n) be the third derivative of -n**5/60 + 19*n**4/24 - 19*n**3/3 + 6*n**2. Let u be y(16). Let i = 43 - u. What is the highest common factor of 33 and i?
33
Let o(v) = 2*v**3 - 931*v + 3. Let l be o(0). Let r = 2 + 4. Calculate the greatest common factor of l and r.
3
Let l(b) = -36*b + 390. Let c(n) = -37*n + 385. Let j(x) = -6*c(x) + 5*l(x). Let k be j(12). Calculate the greatest common factor of 180 and k.
36
Let x be (1611/18 + 3)*(-1 - 27/(-15)). What is the highest common factor of 13394 and x?
74
Let a be (-9)/(-21) + (-93194)/(-238). Let j(w) = 13*w**3 + w. Let g be j(1). Calculate the highest common factor of a and g.
14
Let x(q) = 3*q**2 + 3*q - 2. Let m be x(1). Let w(z) = 16*z**2 + 3*z - 28. Let p be w(m). What is the greatest common divisor of p and 15?
15
Let i be (-5 - -4)/((-6)/18) + 57. Calculate the high